{"id":76,"date":"2017-05-29T12:46:59","date_gmt":"2017-05-29T10:46:59","guid":{"rendered":"http:\/\/www.nuancesminerales.ch\/boutique\/?post_type=product&#038;p=76"},"modified":"2021-06-04T12:12:37","modified_gmt":"2021-06-04T10:12:37","slug":"keim-innostar-20kg","status":"publish","type":"product","link":"https:\/\/www.nuancesminerales.ch\/boutique\/index.php\/produit\/keim-innostar-20kg\/","title":{"rendered":"Peinture naturelle pour murs et plafonds BLANC (8KG et 20KG)"},"content":{"rendered":"<div class=\"page\" title=\"Page 5\">\n<div class=\"layoutArea\">\n<div class=\"column\">\n<div class=\"page\" title=\"Page 5\">\n<div class=\"layoutArea\">\n<div class=\"column\">\n<p><strong>ULTRA-RAPIDE<\/strong><\/p>\n<p>Gr\u00e2ce \u00e0 sa consistance id\u00e9ale, KEIM Innostar permet une mise en \u0153uvre particuli\u00e8rement rapide et \u00e9conomique.<\/p>\n<p><strong>ULTRA-FORT<\/strong><\/p>\n<p>KEIM Innostar est particuli\u00e8rement r\u00e9sistant. (R\u00e9sistance \u00e0 l\u2018abrasion humide \u2013 classe 1)<\/p>\n<p><strong>ULTRA-PROPRE<\/strong><\/p>\n<p>KEIM Innostar est inodore et exempt de plastifiant et de solvant.<\/p>\n<p><strong>ULTRA-BLANC<\/strong><\/p>\n<p>KEIM Innostar pr\u00e9sente un degr\u00e9 de blancheur exceptionnel gr\u00e2ce \u00e0 sa teneur maximale en dioxyde de titane et s\u00e9duit par son aspect mat profond.<\/p>\n<p><strong>ULTRA-S\u00dbR<\/strong><\/p>\n<p>Avec KEIM Innostar, pas de trace de reprise en lumi\u00e8re rasante, pas de projections lors de l\u2019appli- cation et une mise en \u0153uvre parfaite.<br \/>\nKEIM Innostar est adapt\u00e9 \u00e0 tous les supports habituels comme les enduits, plaques de pl\u00e2tre et anciennes peintures et offre une s\u00e9curit\u00e9 maximale gr\u00e2ce \u00e0 son caract\u00e8re universel. Un produit sensationnel pour les d\u00e9fis quotidiens des professionnels !<\/p>\n<p><strong>ULTRA-ECONOMIQUE<\/strong><\/p>\n<p>KEIM Innostar permet des gains de temps et de co\u00fbts : le pouvoir couvrant exceptionnel associ\u00e9 \u00e0 un rende- ment in\u00e9gal\u00e9 procurent des r\u00e9sultats extraordinaires avec une seule couche dans la plupart des cas. Avec une consommation de 1 litre pour une surface de 8 m2, KEIM Innostar est champion dans sa cat\u00e9gorie.<\/p>\n<\/div>\n<div class=\"page\" title=\"Page 5\">\n<div class=\"layoutArea\">\n<div class=\"column\">\n<p><em><strong>Son pouvoir couvrant maximum, son rendement exceptionnel en plus de ses excellentes caract\u00e9ristiques de mise en \u0153uvre conduisent n\u00e9cessairement \u00e0 des \u00e9conomies de temps et de produit et donc au succ\u00e8s garanti pour le peintre !<\/strong><\/em><\/p>\n<\/div>\n<\/div>\n<\/div>\n<\/div>\n<\/div>\n<\/div>\n<\/div>\n<\/div>\n","protected":false},"excerpt":{"rendered":"<div class=\"page\" title=\"Page 5\">\n<div class=\"layoutArea\">\n<div class=\"column\">\n<p>Avec KEIM Innostar, pas de trace de reprise en lumi\u00e8re rasante, pas de projections lors de l\u2019appli- cation et une mise en \u0153uvre parfaite.<br \/>\nKEIM Innostar est adapt\u00e9 \u00e0 tous les supports habituels comme les enduits, plaques de pl\u00e2tre et anciennes peintures et offre une s\u00e9curit\u00e9 maximale gr\u00e2ce \u00e0 son caract\u00e8re universel. Un produit sensationnel pour les d\u00e9fis quotidiens des professionnels !<\/p>\n<\/div>\n<\/div>\n<\/div>\n","protected":false},"featured_media":77,"template":"","meta":[],"product_cat":[6],"product_tag":[47],"_links":{"self":[{"href":"https:\/\/www.nuancesminerales.ch\/boutique\/index.php\/wp-json\/wp\/v2\/product\/76"}],"collection":[{"href":"https:\/\/www.nuancesminerales.ch\/boutique\/index.php\/wp-json\/wp\/v2\/product"}],"about":[{"href":"https:\/\/www.nuancesminerales.ch\/boutique\/index.php\/wp-json\/wp\/v2\/types\/product"}],"wp:featuredmedia":[{"embeddable":true,"href":"https:\/\/www.nuancesminerales.ch\/boutique\/index.php\/wp-json\/wp\/v2\/media\/77"}],"wp:attachment":[{"href":"https:\/\/www.nuancesminerales.ch\/boutique\/index.php\/wp-json\/wp\/v2\/media?parent=76"}],"wp:term":[{"taxonomy":"product_cat","embeddable":true,"href":"https:\/\/www.nuancesminerales.ch\/boutique\/index.php\/wp-json\/wp\/v2\/product_cat?post=76"},{"taxonomy":"product_tag","embeddable":true,"href":"https:\/\/www.nuancesminerales.ch\/boutique\/index.php\/wp-json\/wp\/v2\/product_tag?post=76"}],"curies":[{"name":"wp","href":"https:\/\/api.w.org\/{rel}","templated":true}]}}