{"id":399,"date":"2017-05-29T17:23:32","date_gmt":"2017-05-29T15:23:32","guid":{"rendered":"http:\/\/www.nuancesminerales.ch\/boutique\/?page_id=399"},"modified":"2018-10-29T14:44:27","modified_gmt":"2018-10-29T13:44:27","slug":"exterieur","status":"publish","type":"page","link":"https:\/\/www.nuancesminerales.ch\/boutique\/index.php\/uula-color\/exterieur\/","title":{"rendered":"Int\u00e9rieur"},"content":{"rendered":"<p style=\"text-align: left;\">Nos syst\u00e8mes de <strong>peintures \u00e0 l&rsquo;huile\u00a0<\/strong>sont <strong>\u00e9cologiques<\/strong> et dot\u00e9s d&rsquo;un tr\u00e8s bon <strong>\u00e9cobilan<\/strong>.<\/p>\n<p>Veuillez consulter nos fiches\u00a0techniques pour mieux comprendre comment utiliser nos syst\u00e8mes de produits au travers de recommandations.<\/p>\n<p>&nbsp;<\/p>\n<p><strong>iLona\u00a0glacis<\/strong><\/p>\n<p>Id\u00e9al pour la protection des boiserie\u00a0en int\u00e9rieur, il permet \u00e9galement de travailler des teintes tout en laissant l&rsquo;\u00e9l\u00e9gant veinage du bois apparent.<\/p>\n<ul>\n<li style=\"text-align: left;\"><a href=\"http:\/\/www.nuancesminerales.ch\/boutique\/wp-content\/uploads\/2017\/05\/8.Glacis-\u00e0-lhuile-iLONA-Int\u00e9rieur-.pdf\">Fiche technique<\/a><\/li>\n<\/ul>\n<p>&nbsp;<\/p>\n<p><strong>Peinture pour meubles<\/strong><\/p>\n<p>La peinture pour meubles convient \u00e0 tout mobilier ou \u00e0 tout \u00e9l\u00e9ment en bois en int\u00e9rieur.<\/p>\n<ul>\n<li style=\"text-align: left;\"><a href=\"https:\/\/www.nuancesminerales.ch\/boutique\/wp-content\/uploads\/2017\/05\/10.Peinture-Meubles-semi-mate.pdf\">Fiche technique<\/a><\/li>\n<\/ul>\n<p>&nbsp;<\/p>\n<p><strong>Peinture murale<\/strong><\/p>\n<p>Peinture convenant \u00e0 toutes les surfaces int\u00e9rieures brutes ou peintes.<\/p>\n<ul>\n<li style=\"text-align: left;\"><a href=\"http:\/\/www.nuancesminerales.ch\/boutique\/wp-content\/uploads\/2017\/05\/11.Peinture-Murale-semi-mate-iNTO.pdf\">Fiche technique\u00a0(mate)<\/a><\/li>\n<li style=\"text-align: left;\"><a href=\"http:\/\/www.nuancesminerales.ch\/boutique\/wp-content\/uploads\/2017\/05\/10.Peinture-Meubles-semi-mate.pdf\">Fiche technique (semi-mate)<\/a><\/li>\n<\/ul>\n<p>&nbsp;<\/p>\n<p><strong>Peintures portes et fen\u00eatres<\/strong><\/p>\n<p>Pour toutes boiseries en int\u00e9rieur ou ext\u00e9rieur sous abris.<\/p>\n<ul>\n<li style=\"text-align: left;\"><a href=\"http:\/\/www.nuancesminerales.ch\/boutique\/wp-content\/uploads\/2017\/05\/13.Peinture-Portes-Fen\u00eatres-semi-brillant.pdf\">Fiche technique<\/a><\/li>\n<\/ul>\n<p>&nbsp;<\/p>\n<p><strong>Peinture\u00a0pour sol<\/strong><\/p>\n<p style=\"text-align: left;\">Peinture pour sol en bois de tr\u00e8s grande r\u00e9sistance.<\/p>\n<ul>\n<li style=\"text-align: left;\"><a href=\"http:\/\/www.nuancesminerales.ch\/boutique\/wp-content\/uploads\/2017\/05\/14.Peinture-Sols-en-bois-semi-mat.pdf\">Fiche technique<\/a><\/li>\n<\/ul>\n<p>&nbsp;<\/p>\n<p><strong>Primaire\u00a0int\u00e9rieur<\/strong><\/p>\n<p>Sans latex ni acrylique, id\u00e9al pour usage ext\u00e9rieur.<\/p>\n<ul>\n<li style=\"text-align: left;\"><a href=\"http:\/\/www.nuancesminerales.ch\/boutique\/wp-content\/uploads\/2017\/05\/15.Primaire-int\u00e9rieur-iNTO.pdf\">Fiche technique<\/a><\/li>\n<\/ul>\n","protected":false},"excerpt":{"rendered":"<p>Nos syst\u00e8mes de peintures \u00e0 l&rsquo;huile\u00a0sont \u00e9cologiques et dot\u00e9s d&rsquo;un tr\u00e8s bon \u00e9cobilan. Veuillez consulter nos fiches\u00a0techniques pour mieux comprendre comment utiliser nos syst\u00e8mes de produits au travers de recommandations. &nbsp; iLona\u00a0glacis Id\u00e9al pour la protection des boiserie\u00a0en int\u00e9rieur, il permet \u00e9galement de travailler des teintes tout en laissant l&rsquo;\u00e9l\u00e9gant veinage du bois apparent. Fiche [&hellip;]<\/p>\n","protected":false},"author":1,"featured_media":0,"parent":379,"menu_order":2,"comment_status":"closed","ping_status":"closed","template":"","meta":[],"_links":{"self":[{"href":"https:\/\/www.nuancesminerales.ch\/boutique\/index.php\/wp-json\/wp\/v2\/pages\/399"}],"collection":[{"href":"https:\/\/www.nuancesminerales.ch\/boutique\/index.php\/wp-json\/wp\/v2\/pages"}],"about":[{"href":"https:\/\/www.nuancesminerales.ch\/boutique\/index.php\/wp-json\/wp\/v2\/types\/page"}],"author":[{"embeddable":true,"href":"https:\/\/www.nuancesminerales.ch\/boutique\/index.php\/wp-json\/wp\/v2\/users\/1"}],"replies":[{"embeddable":true,"href":"https:\/\/www.nuancesminerales.ch\/boutique\/index.php\/wp-json\/wp\/v2\/comments?post=399"}],"version-history":[{"count":5,"href":"https:\/\/www.nuancesminerales.ch\/boutique\/index.php\/wp-json\/wp\/v2\/pages\/399\/revisions"}],"predecessor-version":[{"id":501,"href":"https:\/\/www.nuancesminerales.ch\/boutique\/index.php\/wp-json\/wp\/v2\/pages\/399\/revisions\/501"}],"up":[{"embeddable":true,"href":"https:\/\/www.nuancesminerales.ch\/boutique\/index.php\/wp-json\/wp\/v2\/pages\/379"}],"wp:attachment":[{"href":"https:\/\/www.nuancesminerales.ch\/boutique\/index.php\/wp-json\/wp\/v2\/media?parent=399"}],"curies":[{"name":"wp","href":"https:\/\/api.w.org\/{rel}","templated":true}]}}